25 + 1 = 3*t. Let i(d) = d**2 + 7*d - 11. Let n be i(t). Calculate the remainder when 4 - (-4 - (1 + n)) is divided by 4.
2
Suppose -23 + 59 = 2*q. Suppose 0*c - 5*c = 5. Calculate the remainder when (c + 2)*2 - -50 is divided by q.
16
Let w = 4 - 8. Let b = w - -6. Calculate the remainder when ((-16)/6)/(b/(-3)) is divided by 3.
1
Let c = 6 + -4. Suppose -165 - 86 = -c*h - m, 374 = 3*h + m. Suppose h = p + 2*p. Calculate the remainder when p is divided by 14.
13
Let b = -4 + 9. Suppose 27 = b*n - 28. Suppose -3*m + 2*u + 3 + 3 = 0, 4*u = -m + 16. What is the remainder when n is divided by m?
3
Suppose 0*j - 16 = -j. Suppose -12*u + 7*u + 30 = 0. Calculate the remainder when j is divided by u.
4
Let j be 0 + 4/(8/(-10)). Let g = j - -7. Suppose -2*c + 29 = 2*c + 5*u, g*u = -2*c + 16. What is the remainder when 31 is divided by c?
9
What is the remainder when (52/(-12) + 4)*-75 is divided by 14?
11
Suppose 0*u = -5*u + 220. Suppose 2*t - 4 = -4*n + 9*n, 2*t = -3*n + 36. What is the remainder when u is divided by t?
8
What is the remainder when 21 is divided by -55*(0 - (-3)/(-15))?
10
Let g = -83 + 56. Let a = g - -50. What is the remainder when a is divided by 6?
5
Suppose -7*i = -2*i - 30. Let w(z) = -z**3 + 7*z**2 - 4*z - 5. Let o be w(i). Suppose -k + o = -0*k. Calculate the remainder when k is divided by 3.
1
Let a be 14/4 - (-1)/(-2). Let g be ((-1)/(-1) + -2)*a. Let c = 9 + g. Calculate the remainder when c is divided by 4.
2
Let k(q) = q**3 + 5*q**2 - 18*q + 12. Suppose -t + 1 = -5*n, 3*n - 16 = -n. Calculate the remainder when k(-7) is divided by t.
19
Suppose 2*x + 3*s = 6*x - 158, 5*x + 4*s - 182 = 0. Suppose -3*h - 91 = -10*h. Calculate the remainder when x is divided by h.
12
Calculate the remainder when 2/(6*(-5)/(-225)) is divided by 4.
3
Let r = -37 - -52. Calculate the remainder when 29 is divided by r.
14
Let j = 1 - -4. What is the remainder when ((-1)/2)/(6/(-168)) is divided by j?
4
Let j(s) = s**2 + 9*s + 2. Let x be j(-8). Let v be (-1*1 - -2) + 13. Let b = x + v. What is the remainder when 15 is divided by b?
7
Let p(l) = 8*l - 9. Let j be p(6). Suppose 81 = 4*w - j. Suppose r - w = -r. What is the remainder when 29 is divided by r?
14
Suppose i = -2*i + 72. Suppose -5*q = -12 - 8. Suppose 0 = s + 4*u - 13, -q*s + 0*u + 52 = 3*u. Calculate the remainder when i is divided by s.
11
Let j(x) = -3*x**3 + 2*x - 4. Calculate the remainder when j(-3) is divided by 148/6 - (-6)/(-9).
23
Calculate the remainder when 46 is divided by 3 - (2 - 5/(10/22)).
10
Let f = 75 + -46. Calculate the remainder when 57 is divided by f.
28
Let j = 9 - -20. What is the remainder when 115 is divided by j?
28
Let m = -10 - -19. What is the remainder when 0 + ((-27)/(-1) - 1) is divided by m?
8
Let s(r) = 2*r**3 - 9*r**2 - 13*r - 5. Let n(u) = -u**3 - 2*u**2 - 2*u - 2. What is the remainder when s(6) is divided by n(-3)?
12
Suppose 0 = 7*t - 4 - 318. What is the remainder when t is divided by ((-48)/14)/((-2)/14)?
22
Suppose -5*g - 4*z + 0*z = -11, -20 = -5*z. Let u be -1 + -4*1*g. Suppose l - 25 = -l - u*x, -4*l = -2*x - 74. What is the remainder when l is divided by 9?
8
Let f(s) = -5*s**3. Calculate the remainder when 18*((-10)/(-6) - 1) is divided by f(-1).
2
Let q = -28 + 39. Suppose -v + 3 = q. Let n = 4 - v. What is the remainder when 34 is divided by n?
10
Let j = 5 - -2. Let h be -5*1*(-1 + 0). Suppose t + 1 = -0*t, 0 = 5*v + h*t - 55. Calculate the remainder when v is divided by j.
5
Let h = 12 + -8. Suppose 5 = g - 2*g, -h*g = u + 6. Calculate the remainder when u is divided by 8.
6
Let a(z) be the second derivative of -z**5/20 + 5*z**4/6 + 7*z**3/3 - 4*z**2 + 3*z. What is the remainder when a(11) is divided by 1/(-2)*2*-13?
12
Calculate the remainder when 2*3*21/6 is divided by 8.
5
Let p = 12 + -1. Suppose 2*n + 3*n = 100. Calculate the remainder when n is divided by p.
9
Suppose 3*b - 46 = b. Let s = -10 + b. Let i(u) = -4*u**3 - 2*u**2 - u - 2. What is the remainder when i(-2) is divided by s?
11
Let v be (-3 - -4)/(2/8). Suppose z - 3*o - 30 = 0, -5*z - v*o + 44 + 11 = 0. Calculate the remainder when 1/((-168)/172 + 1) is divided by z.
13
Let v = -9 - -44. What is the remainder when 173 is divided by v?
33
Calculate the remainder when ((-9)/5)/((-3)/75) is divided by 23.
22
Let s(w) = 2*w**2 - 5*w - 4. Let d(g) = g**2 + 7*g. Let c be d(5). Suppose -4*l - c = -8*l. What is the remainder when l is divided by s(4)?
7
Let r = 16 - 3. Calculate the remainder when r is divided by 1/(-2) - (-68)/8.
5
Let t(z) = -z**3 + 5*z**2 + 8*z + 2. Let y(j) = 2*j**2 - 1 + j - 2*j**2 - j**3. What is the remainder when t(6) is divided by y(-2)?
4
Suppose -2*h - 4*a - 32 = -5*h, -5*a = h + 2. Let n(q) = -4*q + 9. Let m be n(h). Calculate the remainder when 2/(-3)*3 - m is divided by 11.
10
Suppose -2*m - 7*m + 135 = 0. What is the remainder when m is divided by 9?
6
Suppose 0 = -5*s - 3*s + 184. Calculate the remainder when s is divided by 7.
2
Let k(b) = 9*b - 6. What is the remainder when k(5) is divided by (3 + 13)*11/22?
7
Let g(n) = -n**2 - 8*n - 9. Suppose 0 = -2*x, -4*x = -2*k - 3*k - 30. Let a = -12 - k. Calculate the remainder when 5 is divided by g(a).
2
What is the remainder when 101 is divided by (104/6)/(8/12)?
23
Let g = -12 - -13. Suppose 0*v = 5*v - 5. Calculate the remainder when v is divided by g.
0
Suppose 0 = -k + 7 + 8. Let v(g) = g**3 + 7*g**2 - 8*g + 1. What is the remainder when v(-7) is divided by k?
12
Suppose 0 = -2*u + 3*n + 27, -3*u + 2*n + 42 = -3*n. Calculate the remainder when 15 is divided by u.
6
Let k = 97 + -58. Calculate the remainder when k is divided by 20.
19
Let r = 21 - 18. Suppose 4*b - p = r*p + 44, -3*p - 39 = -4*b. Suppose 5*m - 2*d - 127 = -4, -2*m - 2*d = -38. Calculate the remainder when m is divided by b.
5
Suppose 25 = n - 6*n + 2*s, n = -2*s + 7. Let i = 18 - n. Suppose 0 = -g - 1, 0*w - w + 13 = -2*g. Calculate the remainder when i is divided by w.
10
Let a = -20 - -39. Calculate the remainder when 54 is divided by a.
16
Suppose -5*v = -3*z + 98, 0*z - 120 = -4*z - 4*v. What is the remainder when z is divided by 8?
7
Let i = 114 + -61. Let z = i + -38. What is the remainder when 28 is divided by z?
13
Suppose s = 3*j + 134, -5*j + 451 = 5*s - s. Suppose -4*u + 15 + 15 = -2*g, 5*u + 4*g = 31. Calculate the remainder when u is divided by s/28 - (-1)/(-4).
3
What is the remainder when 73 is divided by (-165)/(-6) - 18/12?
21
Let n(d) = 6*d - 2. Let s be n(1). Suppose -x + 2*x = -t + 20, -s*x = -16. Calculate the remainder when 31 is divided by t.
15
Let j = -7 + 32. Suppose n = 0, -7*k = -2*k + 5*n - 90. Let y = k - 9. Calculate the remainder when j is divided by y.
7
Let j = 42 + 21. Calculate the remainder when j is divided by 14.
7
Let r = 51 - 25. Let o be 1/(-3) - 37/(-3). Let x = r + o. What is the remainder when x is divided by 20?
18
Suppose -4*t - 155 = -u - 7*t, -4*u + 685 = -t. Calculate the remainder when u is divided by 45.
35
Let b(h) = -h**3 - 8*h**2 - 2*h - 12. Let v = -7 - 1. Let y be b(v). What is the remainder when (35/3)/(y/12) is divided by 12?
11
Let i = 20 - 0. Suppose 4*s - 5*a = 29, 0 = -s + a + 3*a - 1. What is the remainder when i is divided by s?
9
Let d(y) = 5 - 4 - 8 - y**2 + 0 + 9*y. Let o be d(7). Let i(r) = -r**2 + 10*r + 3. What is the remainder when 70 is divided by i(o)?
22
Let d be (1 + 0)/(3/99). Suppose -5*p + 67 = -d. Let s = 9 - 2. What is the remainder when p is divided by s?
6
Suppose 2*w - 62 + 6 = 0. Calculate the remainder when w is divided by 8.
4
Let n(w) = 2*w + 6. Let p be n(-4). Calculate the remainder when 64 is divided by p/(-4)*4 - -20.
20
Calculate the remainder when 3 is divided by (76/114)/(-2*(-2)/6).
0
Suppose 0 = -4*o - 3*g + 116, 6*g = 2*o + 2*g - 58. Suppose -f = -0*f - 113. Calculate the remainder when f is divided by o.
26
Suppose 5*j + 3*t = 103, 3*t - 11 - 12 = -j. Suppose 10*s = 5*s - j. Let r(b) = -b**3 - 2*b**2 + 5*b - 2. What is the remainder when 19 is divided by r(s)?
9
Suppose u - 27 = -8. Let f(a) = -3*a + 5. Let l(r) = -4*r + 5. Let p(n) = 3*f(n) - 4*l(n). Calculate the remainder when p(6) is divided by u.
18
Suppose -5*i + 5 + 65 = 0. Let a = -1 + 5. Let f(q) = -q**3 + 7*q**2 - 6*q + 2. Calculate the remainder when f(a) is di